n factor of l and 37.
37
Suppose 7 = 3*i - 5. Suppose -5*p + 4*p - c = -2, -p - 5*c + 18 = 0. Let h = p + i. What is the highest common divisor of h and 3?
1
Let v(i) = -i**2 - 15*i + 17. Let x be v(-15). Calculate the greatest common factor of 17 and x.
17
Let t(p) = p**2 - 25*p**3 + 5*p - 5*p - p**3. Let o be t(-1). Calculate the highest common factor of 18 and o.
9
Let i = -4 + 6. Suppose -4*o + t + 18 = -3*o, 3*o + i*t = 74. What is the highest common divisor of o and 2?
2
Let f be (6/(-7))/(4/28). Let k be (4/f)/(2/(-9)). Suppose k = -5*n + 138. What is the greatest common divisor of n and 3?
3
Suppose 4*n - 2 = 6*n. Let f be (123 - 8) + n + 3. Calculate the highest common factor of 13 and f.
13
Let f(c) = -1 - 2 - 1 - 8*c. Let v be f(-3). Calculate the greatest common factor of v and 30.
10
Let x = 21 - -3. Let v be (-192)/(-14) + 2/7. Suppose y + 2 = v. Calculate the highest common divisor of y and x.
12
Let r be ((-776)/1)/(-4) + 4. Calculate the greatest common factor of 18 and r.
18
Let l = -2 + 6. Let z(n) = 10*n**2 - 6*n. Let q be z(-5). Suppose -l*j = -4*w - q, j - 3*w + 18 = 84. Calculate the highest common divisor of j and 9.
9
Let z = -70 + 128. Suppose 0 = y + u - 121, 0 = 3*y + u - z - 297. Calculate the greatest common factor of y and 13.
13
Let m be (-2 - -2) + 4/(-2). Let g be 165*((-4)/3 - m). What is the greatest common divisor of g and 10?
10
Let a = 37 - 36. What is the greatest common factor of 5 and a?
1
Suppose 0 = -t + 2*m + 6, -5*t + m + 48 = -0*m. Let b be (30/(-8))/((-3)/8). What is the greatest common factor of b and t?
10
Suppose -5*u + 559 = -1246. Suppose -5*l - 4*z + u = -0*z, 3*l - 191 = 4*z. Calculate the highest common factor of l and 23.
23
Suppose -4*t - 115 = -3*m, 199 = 4*m + 5*t - 6. Let l be (-20)/8*-2 - -4. Calculate the highest common factor of m and l.
9
Let y be (-4)/(-8)*8*1. Suppose 0 = -2*c - y*o + 32, -3*o = c - 3*c + 32. Let j be -1 - 4/(-2) - -23. Calculate the greatest common factor of j and c.
8
Let t(b) = -b**3 + 6*b**2 - 3*b - 10. Let h be t(4). What is the greatest common divisor of 50 and h?
10
Suppose 5*m - 5*f = 40, -7*f - 29 = -4*m - 2*f. Let h(d) = -d**2 + 14*d + 11. Let u be h(m). What is the greatest common factor of 22 and u?
22
Suppose -4*p = -4*g + 24 - 88, 3*p - 51 = 2*g. Suppose 2*d + 15 - p = 0. Calculate the highest common factor of 3 and d.
1
Let y = -46 + 118. Suppose -7*w = -3*w - 96. What is the highest common factor of w and y?
24
Let r be 21/(-6)*(0 + -2). Let y(i) be the first derivative of -i**2/2 + 9*i - 3. Let v be y(r). What is the highest common divisor of v and 2?
2
Suppose 6*q - 51 = 3*q + 3*g, 5*g + 31 = 2*q. What is the highest common divisor of q and 126?
18
Suppose 0 = 3*o + n - 61, 0 = n + 2 - 0. Let q = 30 + -9. Calculate the greatest common divisor of o and q.
21
Suppose 3*l = -u - 3 + 5, 10 = 5*u + 2*l. Suppose 4*n + 4*q - 488 = 0, u*n - q = 6*n - 479. What is the highest common divisor of 17 and n?
17
Let w(b) = 402*b - 2. Let n be w(1). Calculate the greatest common factor of n and 50.
50
Let h be 27/4 + (-2)/(-8). Let y(r) = r**2 + 6*r - 19. Let x be y(-10). Calculate the highest common divisor of x and h.
7
Suppose 3*f - 12 = -2*i - 0*f, -2 = -f. Let s(q) = 28*q - 4. Let o be s(i). Let z = -40 + o. Calculate the greatest common divisor of 8 and z.
8
Suppose -936*v + 5434 = -923*v. Let p be (12/(-15))/((-4)/190). Calculate the greatest common factor of p and v.
38
Let p be -12*-1*3*(-8)/(-16). What is the highest common factor of 9 and p?
9
Suppose 4*t - 676 = -0*t - 3*h, -352 = -2*t + 2*h. Suppose -4*j + t + 80 = 0. What is the greatest common factor of 9 and j?
9
Suppose -3*w - 4*m = -416, 2*w - 3*m = -7*m + 280. What is the highest common divisor of w and 17?
17
Suppose -2*n = -2*d - d + 8, 0 = 4*n + 5*d - 28. Let v(t) = 14*t**3 - t**2 + t. Let q be v(n). What is the greatest common divisor of q and 22?
22
Let h(u) = u - 7. Let f be h(3). Let m be (-2)/f*(6 - 2). Let i be m + 48 + -1 + 1. What is the greatest common divisor of 5 and i?
5
Let k = 0 + -1. Let u be 1*k - (7 + 1). Let i = 15 + u. What is the greatest common divisor of 66 and i?
6
Let m be (204/(-8))/(6/(-16)). Let i be ((-98)/28)/((-1)/2). Let d = i + 10. What is the greatest common factor of m and d?
17
Let f = -21 - -17. Let m(s) = 7*s**2 + s + 2. Let g be m(f). Calculate the highest common factor of g and 10.
10
Let p(k) = -4*k. Let r be p(-6). What is the greatest common divisor of r and 24?
24
Let a(g) = -g**2 + 7*g. Let s be a(5). Let p(w) = 16*w + 130. Let r be p(-5). Calculate the greatest common divisor of s and r.
10
Let n(a) = a + 5. Let y be n(-5). Suppose y = -t + 115 + 119. What is the greatest common factor of 26 and t?
26
Suppose 2*l + 31 = -o + 2*o, 0 = 5*o + 2*l - 143. Suppose 5*a - 31 = 2*m, -4*a + 0*a + 3*m = -o. Calculate the greatest common factor of a and 40.
5
Suppose -4*o = 5*f - 10*f + 50, -o + 33 = 2*f. Suppose 3*m + 6 = 2*j, -f = -3*j - m + 6. Calculate the greatest common factor of j and 6.
6
Let t be 239/2 - 1/2. Suppose s - 5*y - 31 = 0, 0*s + 2*s - 86 = 2*y. Suppose 3*x = 5 + s. What is the highest common factor of t and x?
17
Let i(k) = 53*k + 2. Let t be i(3). Suppose -5*r + 4*r = -t. What is the highest common factor of 23 and r?
23
Let r(b) = -b**2 + 5*b + 8. Let i be r(6). Suppose f = i*k - 318, 0*k - 2*k - 5*f + 330 = 0. Calculate the greatest common factor of k and 20.
20
Suppose 3*p - 54 = -3*y, -5*y = 3*p - p - 39. Let u = 35 - p. What is the highest common factor of 45 and u?
9
Suppose -19 = 5*b - 69. Suppose 81 = 4*a + 1. Calculate the greatest common divisor of b and a.
10
Let d(o) = -o**3 - 5*o**2 + 3*o - 10. Let x be d(-6). Calculate the greatest common factor of x and 8.
8
Let i(u) = -u - 8. Let j be i(-4). Let p(f) = 3 - 3 + 2 - 3*f + 2*f. Let n be p(j). What is the greatest common factor of 4 and n?
2
Let p(v) = -5 + 2*v**2 - v**2 - 2*v**2 + 6*v. Let a be p(4). What is the greatest common divisor of 3 and a?
3
Suppose 0 = -w + 4*w - 5*m + 39, -4*w + m - 52 = 0. Let p = w + 35. What is the greatest common divisor of p and 2?
2
Let n = 66 - 16. What is the highest common divisor of n and 20?
10
Suppose 6 = -0*n + 3*n. Suppose 4 = -2*f - n*d, -3*d - 13 = -5*f + f. Let c be -1*(-4 - 0) + -2. What is the greatest common factor of c and f?
1
Suppose -3*q + 137 + 100 = 0. Let h(r) = r**3 - 8*r**2 - 7*r - 13. Let u be h(9). Suppose u*d = q - 19. What is the greatest common divisor of 96 and d?
12
Let z(b) = -b**2 + 5*b + 20. Let l be z(6). What is the highest common factor of 35 and l?
7
Let l = 41 - -3. What is the greatest common divisor of 22 and l?
22
Suppose -2 = -3*q + 7. Suppose 5*o - q*o - 96 = 0. Let v be (-2 - 2)/((-1)/3). Calculate the greatest common factor of o and v.
12
Suppose y = -0*y + 6. Let l(r) = -r**3 + 6*r**2 + 4. Let h be l(y). Suppose -16 = h*u, 4*u - 2*u - 26 = -x. What is the greatest common divisor of 17 and x?
17
Suppose x - 63 = -12. What is the highest common divisor of 17 and x?
17
Suppose -3*g + 6 = 3*d, 0*d = -4*g - 2*d + 8. Let k = 0 + g. Suppose 2*v + k*v - 72 = 0. What is the highest common factor of v and 27?
9
Suppose -4*n - 20 = 0, -3*n - 40 = -0*l - 5*l. Suppose -5*z + 85 = -0*k + 2*k, l*k + 68 = 4*z. What is the highest common factor of 119 and z?
17
Let d = -241 + 457. Calculate the highest common factor of 24 and d.
24
Let n = -1 - -6. Let t = -26 - -56. Suppose 9 = k - 2*a, -4*a = n*k + a - t. What is the highest common divisor of k and 77?
7
Let d(v) = v - 3. Let g be d(3). Suppose 2*q + 7 - 95 = g. Let p(b) = b**2 - 3*b + 4. Let o be p(3). What is the greatest common divisor of o and q?
4
Let n(m) = -m**3 - 5*m + 6. Let g(y) = y**3 - y. Let b(s) = 2*g(s) + n(s). Let q be b(6). Suppose d = -d + q. What is the highest common factor of 10 and d?
10
Suppose 3*i + 0*i - 6 = 0. Let d be -8 + 4 + 26 + i. Calculate the highest common divisor of d and 216.
24
Let k = -11 - -13. Calculate the greatest common divisor of 16 and k.
2
Let z(i) = -i**2 - 3*i + 1. Let n be z(-3). Suppose -9 = -2*v - 7*v. What is the highest common divisor of n and v?
1
Let d be 0/1 + 9*9. Let x = 171 + -162. What is the greatest common divisor of d and x?
9
Let l be 10/2*(3 - (-2 - 4)). What is the highest common divisor 